. Calculate the highest common divisor of n and z.
17
Suppose 5*z = 2*z + 96. Let n = z - 22. What is the greatest common factor of n and 70?
10
Let p be 1 + -5 - (1 + 1). Let a be (-453)/(-9) - (-2)/p. Let g = -72 + 92. Calculate the greatest common divisor of g and a.
10
Suppose 5*c + 4*h = 3 + 11, -5*c + 5*h = -5. Calculate the highest common divisor of c and 14.
2
Let p be (21/(-14))/((-2)/44). Let d(j) = -5 + 2*j + 3*j + 2*j**2 - j. Let c be d(-4). What is the highest common factor of p and c?
11
Let h = 1 + 2. Let g be 1 + 1 - 0 - -1. Calculate the greatest common divisor of g and h.
3
Suppose 15 = 5*m - 20. Let x = -41 - -28. Let u = -12 - x. What is the greatest common factor of m and u?
1
Let t be 0 + (-1 - -1) - 8. Let f be 1/(-4) - 50/t. Suppose 2*z - 5 = 25. Calculate the highest common divisor of f and z.
3
Let t be 1/(0 - (-4)/(-44)). Let i = 14 + t. What is the greatest common factor of 21 and i?
3
Suppose o - 64 = -3*o. Calculate the highest common divisor of 16 and o.
16
Let p = -21 + 38. Suppose 0 = -5*k + 191 + 744. What is the highest common divisor of p and k?
17
Let g be 255/18 + (-2)/12. Let a = 12 - 5. What is the highest common factor of a and g?
7
Suppose -17 + 52 = p. Suppose -16 = -5*m + 3*x + 19, x = m - 5. Suppose c = -c + m. Calculate the highest common factor of c and p.
5
Let d be ((-2)/(-3))/(2/270). Suppose -7*r + 15*r - 288 = 0. What is the greatest common factor of d and r?
18
Let f be -1 - -47 - 22/(-11). What is the greatest common factor of f and 6?
6
Suppose -5*c = -4*c - 7. Let q(b) = b**3 - 15*b**2 + 15*b + 14. Let h = 15 + -1. Let z be q(h). Calculate the greatest common divisor of c and z.
7
Let o = -8 + 27. Let v be (-12789)/(-84) + 2/(-4*2). What is the greatest common divisor of o and v?
19
Suppose 4*r + j = 1 + 47, -3*r = -2*j - 36. Calculate the greatest common divisor of r and 132.
12
Suppose 4*j = -4*f - j + 73, -2*f - 5*j + 29 = 0. What is the highest common factor of f and 2?
2
Let v(n) = 2*n**3 - 2*n**2 - n. Let a(m) = -m**3 + 4*m**2 + 5*m + 3. Let q be a(5). Let g be v(q). What is the highest common factor of 11 and g?
11
Let q = -17 - -10. Let a(p) = p**2 + 4*p - 6. Let y be a(q). Calculate the highest common factor of 3 and y.
3
Let a be ((-9)/(-6))/((-1)/(-6)). Let i be (-2 - a/(-6))*-36. Calculate the highest common divisor of i and 144.
18
Let i = -5 - -10. Suppose 4*x + 0*j = i*j + 78, -4*j = -4*x + 76. Suppose -3*s = -2*s - 68. What is the highest common factor of s and x?
17
Suppose -b = -0*b - 46. Suppose 4*g + b = 4*v - 46, -4*v + 77 = g. What is the greatest common divisor of 5 and v?
5
Let s(y) = -10*y + 8. Let a be s(-8). Calculate the highest common divisor of a and 11.
11
Let z(o) = o**3 + 6*o**2 + 6*o + 12. Let r be z(-5). Let a(n) = -n**2 + 1. Let t be a(0). Calculate the greatest common divisor of r and t.
1
Suppose -2*b + 10 = -10. What is the highest common factor of 80 and b?
10
Let m be 2/(-7) - (-120)/28. Let d be -1 + 4/(m/5). Suppose 0 = -d*h + 3*p - 13 + 59, 4*h = -4*p + 32. Calculate the greatest common divisor of h and 90.
10
Let n(o) = 9*o - 5. Let g be n(4). Suppose -21 = t - 3*t + 3*i, 3*t - 4*i - g = 0. What is the greatest common factor of t and 81?
9
Let u be (225/6)/5*100/6. Calculate the greatest common divisor of 50 and u.
25
Suppose z - 3*j = 42, 5*z - z - 116 = -j. Suppose w + z = 3*w. What is the greatest common divisor of w and 135?
15
Let f = 8 - -33. Calculate the greatest common divisor of f and 41.
41
Suppose -3*v = -8*v - 3*c + 45, 2*v + 5*c = -1. What is the greatest common divisor of 132 and v?
12
Let c(o) = -o**3 - 2*o**2 + 4*o + 3. Suppose -5*b - 10 - 5 = 0. Let x be c(b). Suppose x = 4*q - 9*q + 80. What is the greatest common factor of 40 and q?
8
Let c = 6 - 2. Suppose 74 = c*f - 38. Let a = -13 + f. Calculate the highest common divisor of 120 and a.
15
Let x be 1/(1*3/(-6)). Let o be 10/2 - (x - -3). Calculate the highest common divisor of 20 and o.
4
Suppose -6*y = -2*y + 12, 0 = -4*o + 3*y + 89. Calculate the highest common factor of 8 and o.
4
Suppose 0 = 5*t - 3*i - 2 + 4, -t + i = 0. Let q be 10*4*t/(-10). What is the greatest common factor of q and 20?
4
Suppose 0 = -3*p - 11*p + 630. Let q be 1 + -2 + 2 + 29. Calculate the greatest common divisor of q and p.
15
Let d be 8/(1 + 4/(-8)). What is the greatest common factor of 112 and d?
16
Let k = 107 + -65. Suppose 0 = -4*o - 8, 0*n - 5*o = -2*n + 66. Calculate the greatest common divisor of n and k.
14
Let m be (-2)/(-6) + (-116)/(-3). Let s(z) = -5*z - 4. Let q be 66/(-10) + (-3)/(-5). Let u be s(q). What is the greatest common divisor of u and m?
13
Let f = 82 + -32. Suppose -4*y = y - f. Let r(u) = u**3 - u**2 - 6*u + 1. Let k be r(4). What is the highest common factor of y and k?
5
Let g(p) = 2*p**3 - 7*p**2 - 2*p + 5. Let r be g(5). What is the highest common divisor of 28 and r?
14
Let x = 337 + -238. Let t be 4/(-5) - (-3096)/20. Let u = t - x. Calculate the highest common factor of u and 22.
11
Let q = -31 + 47. What is the greatest common factor of q and 20?
4
Let s be (-14)/(-7)*(-16)/2. Let z = 11 - s. What is the highest common factor of 135 and z?
27
Let y = -111 - -201. Let w be (-4)/(0 + -2)*5. What is the greatest common factor of w and y?
10
Let d be ((-16)/(-10))/((-2)/(-5)). Suppose -132 = -2*x + d*a, a = 5*x + 51 - 354. Calculate the highest common divisor of x and 10.
10
Suppose 7*y - 3*y = 4, 3*d = 3*y + 6. Calculate the greatest common divisor of 33 and d.
3
Let j be -3 - (-3 + -2 + -158). What is the highest common factor of 20 and j?
20
Let a be ((-8)/(-3))/(42/63). Let m be (2 - 2)*2/4. Suppose m = 2*h - a*h + 24. What is the greatest common divisor of h and 108?
12
Suppose 12*a = 7*a - 20. Let g(t) = -6*t - 10. Let q be g(a). What is the greatest common divisor of 2 and q?
2
Suppose -w + f = -45, -186 = -5*w + 4*f + 42. Let s = -46 + 52. Calculate the highest common divisor of w and s.
6
Let m be (-3 - -6)/((-6)/(-4)). Suppose 5*p + d = -2*d + 25, -m*d + 30 = 5*p. What is the greatest common divisor of p and 20?
4
Suppose -3*y + 11 = -22. Let m = 0 - -1. Calculate the greatest common divisor of m and y.
1
Let d = 22 - -23. What is the greatest common factor of 18 and d?
9
Let u(n) = n + 29. Let d be u(-15). What is the highest common divisor of d and 14?
14
Let c be (-9 - -1)/(-4) - -7. What is the greatest common divisor of c and 12?
3
Let h(j) be the third derivative of j**4/24 + 5*j**3/6 - 2*j**2. Let n be h(0). What is the highest common divisor of 25 and n?
5
Suppose 4*a = 2*u + 136, 4*a = -3*u + 74 + 72. What is the highest common factor of a and 7?
7
Let z = 245 + -220. Suppose -3*f + 20 = m + m, -4*f + 2*m = -50. What is the greatest common divisor of f and z?
5
Let d = 2 - -1. Let q be -5*d/((-30)/28). Suppose -w = s - 18, 0 = s + 4*w - 7 - q. What is the highest common divisor of s and 17?
17
Suppose -2*u = -482 + 146. Calculate the greatest common factor of u and 21.
21
Suppose 2*d = -4*w + 5*w - 9, -2*w + 3*d = -14. What is the highest common divisor of 11 and w?
1
Suppose 2*i = -d - 3*d + 1302, -2*d + 5*i = -645. Suppose 0*p = -5*p + d. Let s = 10 - -3. What is the greatest common factor of s and p?
13
Suppose -73*w - 48 = -75*w. Calculate the greatest common divisor of 24 and w.
24
Let x(h) = -2*h**3 - h**2 + h - 1. Let z be x(-2). Let b = 34 - -11. What is the highest common divisor of b and z?
9
Suppose -y + 27 + 3 = 0. What is the highest common factor of 90 and y?
30
Suppose 3*a + 8 = 4*a. Suppose s = 4*d + 22, -4*s + a = -6*s - 5*d. Calculate the greatest common divisor of s and 2.
2
Let t(p) = p**2 - p - 2. Let k(n) = -1. Let d(b) = -4*k(b) + t(b). Suppose -8*m = -15 - 1. Let h be d(m). What is the greatest common factor of 20 and h?
4
Suppose -3 - 1 = -4*g. Suppose -w + g = -8. What is the greatest common divisor of 27 and w?
9
Let w = 4 + -2. Suppose -w*d = -7*d + 195. Calculate the greatest common divisor of 13 and d.
13
Suppose 4*f = 5*p - 216, 8*p - 3*p - 192 = -2*f. What is the highest common divisor of 60 and p?
20
Let p(t) = -t**2 + 4*t - 1. Let x be p(4). Let s be (x/(-2))/(8/64). Let n = 33 + -23. What is the greatest common divisor of s and n?
2
Let r(f) = 13*f**2. Let h be r(-1). Calculate the greatest common factor 